**5 - 11*c - 1/120*c**6. What is w(10)?
4
Let b(u) = -2*u**3 - 3*u**2 + 3*u. Let j(w) = -2*w - 21. Let q be j(-9). Give b(q).
18
Let q(o) = -o**3 - 2*o**2 + 1. Let b be q(-2). Let p(z) = -13*z**3 - 3*z**2 - 4*z + 10. Let c(l) = -l**2 - l + 3. Let m(g) = 3*c(g) - p(g). Calculate m(b).
13
Let k(q) be the first derivative of -5*q**3 - q - 92. Determine k(1).
-16
Let l(j) be the third derivative of -j**4/4 + 5*j**3/3 - 740*j**2. Determine l(-8).
58
Let d = 1988 + -1996. Let t(v) = v**2 + 3*v + 5. Calculate t(d).
45
Let a(c) = 2*c**2 - 4*c + 1. Suppose 0 = -2*k + 7*k - 25. Suppose 19 = k*h + t, 5*h + 3*t - 27 = -0*t. What is a(h)?
7
Let r = -41 + 61. Let b be 2/((r/(-8))/(-5)). Suppose -3*u = -b*u + 6. Let n(z) = -z. Give n(u).
-6
Suppose 2 = -5*u + 22. Let p = u - 0. Let z(s) = 10*s + 2. Let n(k) = 7*k + 1. Let g(i) = -7*n(i) + 5*z(i). Calculate g(p).
7
Let s(d) = d + 12. Let x(c) = -12*c**2 + 62*c - 10. Let q be x(5). Calculate s(q).
12
Let a be (10 - 9) + (-27)/(-3). Let z(q) = q**3 - 9*q**2 - 12*q + 5. What is z(a)?
-15
Let f(o) = -o**2 - 4*o + 1. Let u(j) = 13*j**2 + 2*j - 8. Let i be u(2). Let l = i - 53. Calculate f(l).
-4
Let g(i) = -2*i + 0 + 0*i + 0 - i**2 - 3. Let v = -77 - -74. What is g(v)?
-6
Let u(f) = f**3 - 6*f**2 + 11*f - 5. Let d(j) = -j**2 - 3*j + 1. Let c(t) = -4*d(t) - u(t). Calculate c(10).
11
Let g(m) = m**2 - 6*m - 13. Let u(f) = 2*f**3 + 55*f**2 + 24*f - 71. Let x be u(-27). Give g(x).
27
Let z(m) = 22*m - 7 + 23*m**2 - 6*m - 2*m**2 - 10*m. Let x(j) = -42*j**2 - 11*j + 13. Let u(p) = 6*x(p) + 11*z(p). Give u(-1).
-20
Let t be (-1 - 2) + (19 - -1). Let i = -10 + 32. Let u = t - i. Let v(x) = x + 5. Give v(u).
0
Let t be -1*((-5)/(-3) - 95/(-15)). Let b(q) = 3*q + 21. What is b(t)?
-3
Suppose -5*r + 20 = -0*y - 5*y, 5*y - 70 = -5*r. Let g be (r/5)/(15/50). Let p(o) = -g - 3*o + 6 + 4*o. Determine p(-7).
-7
Let o(g) = g**2 + 9*g + 27. Let d be 42/(-8) - (81/12 + -6). What is o(d)?
9
Let f(r) = 2*r**2 + 4*r + 9. Let a be (1/4)/((-2)/(-88)). Let n = -14 + a. Let u(k) = -3*k**2 - 8*k - 17. Let w(v) = n*u(v) - 5*f(v). What is w(6)?
-6
Let i(b) be the second derivative of -b**3/2 - b**2/2 - b. Let u = 258 + -142. Suppose u*v = 115*v - 1. Give i(v).
2
Let m(t) = -5*t**3 - 43*t**2 - 55*t - 39. Let h(d) = 3*d**3 + 28*d**2 + 36*d + 26. Let l(v) = -8*h(v) - 5*m(v). Determine l(10).
-43
Let d = 19 + -19. Suppose c - 13 + 6 = d. Let x(r) = -r**2 + 7*r - 5. Determine x(c).
-5
Let j be -2*((-30)/(-20))/((-2)/4). Let m(f) be the second derivative of -f**3/6 + 4*f**2 - 2*f. Determine m(j).
2
Suppose -154 = -3*q - 166. Let f(n) be the second derivative of -n**3/6 - 2*n**2 - 3*n. Determine f(q).
0
Let u = -3 + 12. Let t be (3/u)/(1/(-3)). Let g(o) be the third derivative of -o**5/20 - o**3/6 + 2*o**2 + 2. Give g(t).
-4
Let c(v) be the first derivative of 9*v + 2 + 9/2*v**2 - 1/4*v**4 - 7/3*v**3. Calculate c(-8).
1
Let y = -5 - -3. Let d(r) be the third derivative of 0 + 2*r**2 + 0*r - 1/20*r**5 + 1/3*r**3 - 1/120*r**6 + 1/12*r**4. Determine d(y).
-6
Let w(j) = -364 + 4*j + 364. Suppose 2*u - 5*u + 18 = 0. Let c be 8/6*u/4. Determine w(c).
8
Let u(a) = -7*a**2 - 8*a + 9. Let y(f) be the third derivative of -f**5/20 - f**4/6 + 2*f**3/3 - 7*f**2. Let s(i) = -2*u(i) + 5*y(i). Give s(-5).
-3
Let o(a) = -a**2 - 10*a - 16. Let c be o(-6). Let h(p) = -19*p - 2 + c*p + 9*p. What is h(-5)?
8
Let s be (-200)/60 - 3/(-9). Let i(d) = d**2 + 7*d + 3. Calculate i(s).
-9
Let v(o) = o + 8. Suppose -j + 8 = -2*c - 0*j, -20 = 5*c - 4*j. Let r be 56/56 - (-2)/(c/10). Calculate v(r).
4
Let y(j) = -j**3 + 1. Let k(o) = 7*o**3 - 5*o**2 - 7*o - 6. Let i(d) = k(d) + 6*y(d). Let g(n) = -n**2 + 11*n + 6. Let s be g(11). Calculate i(s).
-6
Let j(o) = o**3 - 19*o**2 + 19*o - 19. Let l(b) = b**2 + 41*b - 68. Let c be l(-43). Calculate j(c).
-1
Let y(t) = -7*t - 1. Let a(s) = 4*s - 3*s + 0 - 6 + 2. Let u be a(1). Give y(u).
20
Let f(s) = -s**3 + 6*s**2 + 4*s - 2. Let c(g) = g**2 - 1. Let i(t) = 3*c(t) - f(t). Give i(4).
-1
Let s(y) = -y**2 - 4*y - 2. Suppose -15 = 3*l + 6. Let m(w) = w**3 - 2*w**2 - 3. Let k be m(2). Let i = l - k. What is s(i)?
-2
Let g(d) = -d**3 - 7*d**2 - 10*d. Suppose -2*c = -6*c + 20. Let o(b) = -2*b**3 - 14*b**2 - 19*b - 1. Let j(i) = c*g(i) - 3*o(i). Calculate j(-6).
-3
Let t(x) be the second derivative of x**4/6 + x**3/6 - x**2/2 + 2*x - 169. Suppose 0 = -4*a - 1 - 7. Let r be -2 - 0/(a + 1). Calculate t(r).
5
Let t = 1128 - 1131. Let i(d) = 4*d**2 + 2*d + 2. Determine i(t).
32
Let z(b) be the second derivative of -b**3/6 - 23*b**2/2 - 150*b. Give z(-16).
-7
Let u(j) be the third derivative of -1/6*j**4 - 1/6*j**3 + 1/120*j**6 - 1/30*j**5 + 0*j + 0 - 26*j**2. Give u(3).
-4
Let x(l) = 28 + 5*l**2 - 26 - 5*l + l**3 + 7*l. Suppose 5*z + 12 = 2*w, 3*w + 4*z - 6*z + 4 = 0. Give x(w).
10
Let t(r) = -2*r**2 + 0*r + 6*r + 2 + 3*r**2. Let n be -3*-1*(-1)/(-1). Suppose -n*v - 16 = 5*u, -2*u - 3*v = -5*u - 24. Determine t(u).
-3
Let i be (-1)/5 - 1/(-5). Suppose i*y = -4*y. Let l = 5 + y. Let z(r) = -r**2 + 4*r + 6. Give z(l).
1
Suppose 0*u = -12*u - 132. Let p(w) = -w**3 - 10*w**2 + 12*w + 5. Give p(u).
-6
Let a(k) = -k**2 + k + 1. Let c be a(0). Suppose 0 = -4*m + d + 9, 0*m - m + 5 = -3*d. Let q(u) = -14*u**2 - u - 16*u**m + 33*u**2. Determine q(c).
2
Let h(d) = 3*d + 2*d - 2 + 2*d + 5*d - 473*d**2 + 474*d**2. What is h(-10)?
-22
Let w(l) = -2*l**3 - 21*l**2 + l - 24. Let h = 93 + -98. Let a(g) = g**3 + 10*g**2 + 12. Let m(u) = h*a(u) - 2*w(u). What is m(-8)?
4
Let g(w) be the first derivative of w**3/2 + w**2 + 7*w - 18. Let a(j) be the first derivative of g(j). Give a(-2).
-4
Let b(z) be the second derivative of z**4/12 + 3*z**2/2 - 369*z. What is b(4)?
19
Suppose 5*d - 5 = 4*u, 11*d = 5*u + 10*d + 1. Let s(x) be the third derivative of -1/60*x**5 - 5/6*x**3 + 11*x**2 + 1/3*x**4 + 0 + u*x. Determine s(7).
2
Suppose -4*v = -2*s - 50, 3*s = 4*s + 1. Let i(q) = 24*q - v*q + 1 - 13*q. Let f be i(3). Let a(y) = -y**3 - 3*y**2 + 1. Give a(f).
-3
Let a(r) = 3*r - 14. Let k(s) = 2*s**3 + 9*s**2 - 8*s - 8. Let q be k(-5). Calculate a(q).
7
Let r(q) = -5*q**3 + q**2 - 13*q + 4. Let x(f) = -6*f**3 + 2*f**2 - 14*f + 5. Let c(g) = 7*r(g) - 6*x(g). Give c(6).
-8
Let t(u) = 2*u**2 + 5*u + 9. Let k = 81 + -84. What is t(k)?
12
Let w(x) = x**3 - 2*x**2 + 5 + x**3 - 17 + 14 - x. What is w(1)?
1
Suppose 4*g + 3*m + 19 = 0, -4*g = 2*m - 4*m + 14. Let x(t) = -t**2 - 2*t. Calculate x(g).
-8
Let u be (-3)/15 + 2*46/10. Let h(f) = -f**2 + 11*f - 12. Determine h(u).
6
Let w(u) = 9*u + 2. Let h(g) = -53*g - 16. Let b(y) = -h(y) - 6*w(y). Calculate b(8).
-4
Let t = 19 - 11. Let n(f) = 78939 + 0*f - 78936 + f. What is n(t)?
11
Let r(k) = 4*k - 3. Let h = 26 + -45. Let d = h + 15. Give r(d).
-19
Suppose -291 = -22*o + 83. Let t(r) = -r**2 + 17*r + 7. Determine t(o).
7
Let j(b) = b**3 + 10*b**2 - 22*b + 21. Let s(x) = 5*x**2 - x - 1. Let r(k) = -j(k) + 5*s(k). What is r(16)?
-10
Let m = 37 + -33. Let u be (4/10)/((-5)/(-25)). Let w(d) = -3*d**2 - 3*d - 2 + d + 4*d**u - 1. Give w(m).
5
Let k(y) = y**2 - 11*y + 12. Let r be 4/8*-21*(-10)/15. Give k(r).
-16
Let p = 144 + -136. Suppose 5*k = -i - 3, 10*k - p*k + 12 = 5*i. Let n(h) = -6*h + 1. Calculate n(k).
7
Let u(f) be the second derivative of -f**3/6 + 6*f. Let k(b) = -b**3 - 7*b**2 + 2*b + 9. Let r be k(-7). Calculate u(r).
5
Let j(t) = -t**3 - 7*t**2 - 9*t + 11. Let q be j(-5). Let c(v) = v**2 - v + 1. Let i(h) = -h**3 - 10*h**2 + 13*h - 2. Let k(l) = q*c(l) + i(l). What is k(-5)?
-6
Suppose 10*z + 64 - 114 = 0. Let h(g) be the first derivative of 1/2*g**2 - z*g - 1. Calculate h(0).
-5
Let t(f) be the third derivative of -f**4/8 + f**3/6 - 49*f**2. Let a be -2*1 - (3 + -5). Suppose a = 2*y - 5 - 1. What is t(y)?
-8
Let q(a) = -4 - a - a**3 - 119*a**2 + 49*a**2 + 59*a**2. Give q(-11).
7
Let a(o) = -o + 6*o + 3953 - 3*o - 3920. Calculate a(-18).
-3
Let q(s) = 27*s**3 + 8*s**2 + 5*s - 1. Let z(a) = -28*a**3 - 5*a**2 - 4*a + 1. Let o(t) = -2*q(t) - 3*z(t). What is o(1)?
30
Let i(p) = -p**3 + 4*p**2 - 2*p + 4. Let u(a) be the first derivative of -a + 1 + 1/2*a**2. Let j be u(4). Give i(j).
7
Let i(y) = 2*y + 0*y + 19*y**2 - 17*y**2 - 5*y**2 - 1 + y**3. Give i(3).
5
Let r be 1/(((-6)/(-9))/(-2)). Let t be 2 + -5*(-2 - r). Let x be (